 the greatest common divisor of g and o.
14
Let p(o) = o + 8. Let y be p(4). Let w(f) = -85*f - 1. Let u be w(-1). Calculate the highest common factor of u and y.
12
Let i(z) = -4*z**2 - 17*z. Let o(a) = -a**2 - 4*a. Let t(w) = 6*i(w) - 26*o(w). Let r be t(-7). Calculate the highest common divisor of r and 12.
12
Suppose -4 = 2*c, 4*r = -c - 4*c + 318. Suppose 3*g = -4*x + 4*g + r, 84 = 4*x - 2*g. What is the highest common factor of 100 and x?
20
Suppose 0 = 5*h - 0*h - 55. Calculate the greatest common factor of 11 and h.
11
Let h be (-8)/((-3 + 6)/(-6)). What is the greatest common factor of 16 and h?
16
Suppose 2*p = f + 5, -4*f - 20 = 4*p - 0. Let o = p + 3. Suppose 0 = 2*w - o*l - 44, -5*l = -2*w + 60 - 8. Calculate the highest common factor of w and 144.
16
Let o be (3/2)/((-6)/(-40)). What is the highest common factor of o and 110?
10
Suppose g + 141 = 4*g - 3*y, -3*y + 243 = 5*g. What is the greatest common factor of g and 6?
6
Suppose u - 22 = 71. Calculate the greatest common factor of 31 and u.
31
Let y(d) = d**2 + 7*d + 5. Let z be y(-7). Suppose -4*j = -3*m - 355, -j + 4*m = -z*j + 348. Calculate the highest common divisor of 22 and j.
22
Let f = 18 + -14. Let i(w) = 16*w**2 + w - 1. Let s be i(1). Suppose 0*d - s = -4*d. Calculate the highest common factor of f and d.
4
Let o = -13 + 69. Let x be 14/(-18) - (-4)/(-18). Let f be (8/(-20))/(x/35). Calculate the greatest common divisor of f and o.
14
Suppose 5 = -2*g + 15. Suppose 21 = g*m + 1. Let k(v) = v**3 + 12*v**2 + 11*v + 8. Let a be k(-11). Calculate the highest common divisor of a and m.
4
Suppose -m - 3 = -5. What is the highest common divisor of 2 and m?
2
Let a(k) = k**3 + 7*k**2 - 6*k - 12. Let r be a(-7). What is the greatest common factor of 210 and r?
30
Let w = 18 - 2. Let s be (24/(-14))/((-8)/(-84)). Let m be (-76)/s - 2/9. Calculate the greatest common divisor of w and m.
4
Let n = 353 + -221. What is the highest common factor of n and 12?
12
Let f be (-165)/(-6) + (-2)/(-4). Calculate the highest common divisor of f and 42.
14
Let s(z) = -z**3 + 4*z**2 + 14*z - 9. Let n be s(6). What is the greatest common divisor of 4 and n?
1
Let b(s) = 8*s + 10. Let j be b(0). Let a = 5 + -3. Calculate the greatest common factor of a and j.
2
Suppose v - 116 - 108 = 4*y, 654 = 3*v - 3*y. Suppose -2*u + 6*u = -2*m + v, 3*u + 3 = 0. Calculate the greatest common divisor of 11 and m.
11
Suppose 3*r = -p + 3*p + 445, 705 = 5*r + 4*p. Calculate the highest common factor of 29 and r.
29
Let u(q) = q - 1. Let d be u(-1). Let x be d/((-18)/57)*3. Calculate the greatest common divisor of 152 and x.
19
Suppose p = -4*p + 2*j + 60, 0 = -2*p + 2*j + 18. Calculate the highest common factor of 7 and p.
7
Let g = -10 + 78. What is the highest common divisor of 51 and g?
17
Suppose 0 = -5*o - 3*q - 937 - 53, -2*q - 790 = 4*o. Let h be 2/(-9) - o/27. What is the highest common factor of 63 and h?
7
Let f = 280 - 178. Suppose 4*h - 6*p + 4*p = f, 2*p = 2*h - 50. What is the greatest common factor of 13 and h?
13
Suppose 0 = -5*z + 7 - 2, -5*j + 3*z - 153 = 0. Let n = j + 48. Let x = -44 + 89. Calculate the highest common divisor of x and n.
9
Let p = -12 - -15. Suppose f + 0*y - 114 = p*y, f - 130 = -y. Calculate the greatest common divisor of f and 14.
14
Suppose 4*a = -5*g + 53, -2*g - 2*g + 37 = 5*a. Let u = 324 + -220. What is the highest common divisor of g and u?
13
Suppose 4*f + 5*s = 10 + 31, -f = 5*s + 1. Calculate the greatest common divisor of f and 112.
14
Let i(m) = 4*m - 4. Let z be i(3). Let l(j) = 31*j**3 + 2*j**2 - j. Let u be l(1). What is the highest common factor of z and u?
8
Let v(z) = -z**2 + 27*z - 78. Let j be v(6). Suppose p - 35 = -k, 4*p + 116 = k + 3*k. Calculate the greatest common factor of k and j.
16
Suppose -160 = -7*p + 8. Calculate the highest common factor of p and 264.
24
Let x(d) = d**3 + 9*d**2 - 13*d - 2. Let y be x(-10). Calculate the highest common divisor of 308 and y.
28
Suppose 0 = -11*m + 7*m + 576. What is the highest common factor of m and 9?
9
Let i = 31 + -22. Suppose 33 = 18*q - 453. Calculate the greatest common factor of q and i.
9
Suppose 3*l - 8*l = -t + 197, 0 = 5*t + 3*l - 929. Calculate the highest common divisor of t and 17.
17
Suppose -4 = 3*f - f, -4*f = 4*p + 408. Suppose 5*j - 775 = -0*j. Let n = j + p. Calculate the highest common divisor of n and 22.
11
Let y(u) be the third derivative of -17*u**6/60 - u**5/30 + u**3/6 - 2*u**2. Let w be y(-1). Let z = 54 - w. What is the highest common divisor of z and 21?
21
Suppose -5*l + 8 = -7. Suppose l*c + 3*t = 24, -c + 3*c - 22 = -5*t. Calculate the greatest common divisor of c and 48.
6
Let d(v) = 59*v + 10. Let p be d(3). Suppose 5*z - 70 = -25. Suppose -45 = -2*i - t - z, -i - 4*t = -25. Calculate the greatest common factor of p and i.
17
Let v = 130 - 121. Let w be (-8)/12 + 83/3. Suppose 9 = 4*h - w. What is the highest common factor of h and v?
9
Let y = -63 - -125. Suppose -4*d + y = -54. Let w = -19 + d. What is the highest common factor of w and 90?
10
Let w be (4 + -1)/((-6)/(-20)). Let y be 5/(-2)*(-16)/w. Suppose -42 = -y*q + 42. Calculate the highest common divisor of 63 and q.
21
Let b be (-30)/(0 - 2 - -1). Let p(r) = r**3 + 4*r**2 + r - 3. Let i be p(-3). Let g be ((-10)/(-3))/(1/i). What is the greatest common factor of b and g?
10
Suppose 39 = 3*q - 78. Let v(d) = d - 3. Let c be v(5). Let w be c/(-10) - 66/(-5). What is the highest common factor of q and w?
13
Suppose 0 = -o - 3, -381 - 560 = -5*z + 2*o. What is the greatest common divisor of z and 11?
11
Let x be 2/10 - 5842/10. Let k = 858 + x. Suppose 5*s + 3*h - 462 = 0, 4*s - h - k = 82. What is the greatest common divisor of s and 10?
10
Let o(r) = r + 5. Suppose 0 = 2*v - 3*v - 4. Let y be o(v). What is the greatest common factor of y and 4?
1
Let m = -4 - -10. Let f be ((-9)/m)/(6/(-304)). Suppose 0 = o + 4*x - f, 88 = -2*o + 4*x + 228. Calculate the highest common divisor of o and 8.
8
Let q(k) = 7*k**2 + 22*k + 72. Let g be q(-4). Suppose 0 = -a + 5*i + 2, -5*a + a = 2*i - 52. What is the greatest common factor of a and g?
12
Let r(s) = s**2 - 6*s - 45. Let p be r(11). Suppose 33 = h + 5*y - 42, -2*y = -4*h + 366. Calculate the greatest common divisor of p and h.
10
Let w(v) = -v**2 + 8*v + 5. Let t be w(7). Suppose -66 - 18 = -p. Calculate the highest common factor of p and t.
12
Let k be (-87)/15 - 1/5. Let q be 6 - 3*k/(-9). Suppose -z = q*z - 80. Calculate the greatest common factor of z and 32.
16
Suppose 0 = -2*f + 6*f. Suppose f*y = y - 84. What is the highest common factor of 12 and y?
12
Suppose 10 + 0 = 5*f. What is the highest common factor of f and 14?
2
Suppose -6*t + t = -35. Let x = -15 + 16. What is the highest common factor of t and x?
1
Suppose -3*i - 36 = -4*l, -3*i = 5*l - 11 - 7. Let s be (-146)/(-8) + 5/(-20). What is the highest common factor of s and l?
6
Suppose -2*s + 7 = -7. Suppose -4*t + 22 = -14. Let c be 7 - (-3)/t*0. What is the highest common divisor of c and s?
7
Let y(b) = b**3 + 9*b**2 + 7*b + 3. Let v be 1/1 + -8 + -1. Let d be y(v). Suppose 0 = 2*k + 3*k - 5. Calculate the highest common divisor of d and k.
1
Suppose -2*b + 160 = -d, -3*d = -4*b + d + 320. Suppose 5*z = -4*a + 21 + 54, -4*a + 84 = -4*z. Calculate the greatest common divisor of b and a.
20
Let p = 13 - -163. What is the greatest common factor of p and 16?
16
Suppose -4 - 6 = -5*d. Let u be (4 - d) + 43 + -2. Suppose -2 = -q - 3, -4*p - 5*q = -u. Calculate the greatest common factor of p and 36.
12
Suppose 3*k = -2*k + 1230. Let i = k - 81. Calculate the greatest common factor of 15 and i.
15
Let g = 262 - 187. Let x = 67 - 37. What is the greatest common divisor of x and g?
15
Let y be 2/(-4) + 6/(-4). Suppose -u + 2 = 1. Let h be y/3*(-3)/u. What is the greatest common factor of h and 6?
2
Let w(z) = -660*z + 1. Let h be w(-1). Suppose 3*g = -5*l - 804, -h = 4*l - g - 11. Let v be l/(-2) - (0 - -1). What is the greatest common divisor of 10 and v?
10
Suppose -5*t = -2*t - 6. Let b = t + 119. What is the highest common factor of 11 and b?
11
Let c(m) = m**3 - 4*m**2 + 4*m. Let p be c(5). Suppose 2*a + 10 - 2 = u, a + 85 = 5*u. Calculate the greatest common divisor of u and p.
9
Let i be 112/(-1)*(-1